{"id":1038,"date":"2022-02-10T22:15:48","date_gmt":"2022-02-10T22:15:48","guid":{"rendered":"http:\/\/epm.com.mx\/?page_id=1038"},"modified":"2022-02-10T22:23:43","modified_gmt":"2022-02-10T22:23:43","slug":"piezas-moldeadas-en-silicon","status":"publish","type":"page","link":"https:\/\/epm.com.mx\/?page_id=1038","title":{"rendered":"Piezas moldeadas en Silic\u00f3n"},"content":{"rendered":"\t\t<div data-elementor-type=\"wp-page\" data-elementor-id=\"1038\" class=\"elementor elementor-1038\">\n\t\t\t\t\t\t<section class=\"elementor-section elementor-top-section elementor-element elementor-element-19d75090 elementor-section-height-min-height elementor-section-boxed elementor-section-height-default elementor-section-items-middle\" data-id=\"19d75090\" data-element_type=\"section\" data-e-type=\"section\" data-settings=\"{&quot;background_background&quot;:&quot;classic&quot;}\">\n\t\t\t\t\t\t\t<div class=\"elementor-background-overlay\"><\/div>\n\t\t\t\t\t\t\t<div class=\"elementor-container elementor-column-gap-no\">\n\t\t\t\t\t<div class=\"elementor-column elementor-col-100 elementor-top-column elementor-element elementor-element-3fa1d368\" data-id=\"3fa1d368\" data-element_type=\"column\" data-e-type=\"column\" data-settings=\"{&quot;background_background&quot;:&quot;classic&quot;}\">\n\t\t\t<div class=\"elementor-widget-wrap elementor-element-populated\">\n\t\t\t\t\t\t<div class=\"elementor-element elementor-element-44d0a3b elementor-widget elementor-widget-heading\" data-id=\"44d0a3b\" data-element_type=\"widget\" data-e-type=\"widget\" data-widget_type=\"heading.default\">\n\t\t\t\t<div class=\"elementor-widget-container\">\n\t\t\t\t\t<h1 class=\"elementor-heading-title elementor-size-default\">Piezas moldeadas en silic\u00f3n<\/h1>\t\t\t\t<\/div>\n\t\t\t\t<\/div>\n\t\t\t\t\t<\/div>\n\t\t<\/div>\n\t\t\t\t\t<\/div>\n\t\t<\/section>\n\t\t\t\t<section class=\"elementor-section elementor-top-section elementor-element elementor-element-7837c45 elementor-reverse-tablet elementor-reverse-mobile elementor-section-boxed elementor-section-height-default elementor-section-height-default\" data-id=\"7837c45\" data-element_type=\"section\" data-e-type=\"section\" data-settings=\"{&quot;background_background&quot;:&quot;classic&quot;}\">\n\t\t\t\t\t\t\t<div class=\"elementor-background-overlay\"><\/div>\n\t\t\t\t\t\t\t<div class=\"elementor-container elementor-column-gap-no\">\n\t\t\t\t\t<div class=\"elementor-column elementor-col-50 elementor-top-column elementor-element elementor-element-11858a15\" data-id=\"11858a15\" data-element_type=\"column\" data-e-type=\"column\">\n\t\t\t<div class=\"elementor-widget-wrap elementor-element-populated\">\n\t\t\t\t\t\t<section class=\"elementor-section elementor-inner-section elementor-element elementor-element-2929a9e elementor-section-boxed elementor-section-height-default elementor-section-height-default\" data-id=\"2929a9e\" data-element_type=\"section\" data-e-type=\"section\">\n\t\t\t\t\t\t<div class=\"elementor-container elementor-column-gap-default\">\n\t\t\t\t\t<div class=\"elementor-column elementor-col-100 elementor-inner-column elementor-element elementor-element-a0b4929\" data-id=\"a0b4929\" data-element_type=\"column\" data-e-type=\"column\" data-settings=\"{&quot;background_background&quot;:&quot;classic&quot;}\">\n\t\t\t<div class=\"elementor-widget-wrap elementor-element-populated\">\n\t\t\t\t\t\t<div class=\"elementor-element elementor-element-3aede417 elementor-icon-list--layout-traditional elementor-list-item-link-full_width elementor-widget elementor-widget-icon-list\" data-id=\"3aede417\" data-element_type=\"widget\" data-e-type=\"widget\" data-widget_type=\"icon-list.default\">\n\t\t\t\t<div class=\"elementor-widget-container\">\n\t\t\t\t\t\t\t<ul class=\"elementor-icon-list-items\">\n\t\t\t\t\t\t\t<li class=\"elementor-icon-list-item\">\n\t\t\t\t\t\t\t\t\t\t<span class=\"elementor-icon-list-text\">Fabricamos tapones, capuchones y una infinidad de piezas de silic\u00f3n que son ideales para proteger y enmascarar partes que son sometidas a pintura, galvanoplastia, recubrimientos con polvo, anonizado, samblasteado o procesos qu\u00edmicos con altas temperaturas. Especialmente formulado, no contienen ning\u00fan colorante que pueda emerger a altas temperaturas. <\/span>\n\t\t\t\t\t\t\t\t\t<\/li>\n\t\t\t\t\t\t<\/ul>\n\t\t\t\t\t\t<\/div>\n\t\t\t\t<\/div>\n\t\t\t\t\t<\/div>\n\t\t<\/div>\n\t\t\t\t\t<\/div>\n\t\t<\/section>\n\t\t\t\t\t<\/div>\n\t\t<\/div>\n\t\t\t\t<div class=\"elementor-column elementor-col-50 elementor-top-column elementor-element elementor-element-4f78337\" data-id=\"4f78337\" data-element_type=\"column\" data-e-type=\"column\">\n\t\t\t<div class=\"elementor-widget-wrap elementor-element-populated\">\n\t\t\t\t\t\t<div class=\"elementor-element elementor-element-1b58778b elementor-tabs-view-horizontal elementor-widget elementor-widget-tabs\" data-id=\"1b58778b\" data-element_type=\"widget\" data-e-type=\"widget\" data-widget_type=\"tabs.default\">\n\t\t\t\t<div class=\"elementor-widget-container\">\n\t\t\t\t\t\t\t<div class=\"elementor-tabs\">\n\t\t\t<div class=\"elementor-tabs-wrapper\" role=\"tablist\" >\n\t\t\t\t\t\t\t\t\t<div id=\"elementor-tab-title-4581\" class=\"elementor-tab-title elementor-tab-desktop-title\" aria-selected=\"true\" data-tab=\"1\" role=\"tab\" tabindex=\"0\" aria-controls=\"elementor-tab-content-4581\" aria-expanded=\"false\">Capuchones de silic\u00f3n<\/div>\n\t\t\t\t\t\t\t\t\t<div id=\"elementor-tab-title-4582\" class=\"elementor-tab-title elementor-tab-desktop-title\" aria-selected=\"false\" data-tab=\"2\" role=\"tab\" tabindex=\"-1\" aria-controls=\"elementor-tab-content-4582\" aria-expanded=\"false\">Tapones con tirador<\/div>\n\t\t\t\t\t\t\t\t\t<div id=\"elementor-tab-title-4583\" class=\"elementor-tab-title elementor-tab-desktop-title\" aria-selected=\"false\" data-tab=\"3\" role=\"tab\" tabindex=\"-1\" aria-controls=\"elementor-tab-content-4583\" aria-expanded=\"false\">Tapones de silic\u00f3n<\/div>\n\t\t\t\t\t\t\t<\/div>\n\t\t\t<div class=\"elementor-tabs-content-wrapper\" role=\"tablist\" aria-orientation=\"vertical\">\n\t\t\t\t\t\t\t\t\t<div class=\"elementor-tab-title elementor-tab-mobile-title\" aria-selected=\"true\" data-tab=\"1\" role=\"tab\" tabindex=\"0\" aria-controls=\"elementor-tab-content-4581\" aria-expanded=\"false\">Capuchones de silic\u00f3n<\/div>\n\t\t\t\t\t<div id=\"elementor-tab-content-4581\" class=\"elementor-tab-content elementor-clearfix\" data-tab=\"1\" role=\"tabpanel\" aria-labelledby=\"elementor-tab-title-4581\" tabindex=\"0\" hidden=\"false\"><p>Fabricados e silic\u00f3n trasl\u00facido, reusables y muy resistentes a la temperatura de 575\u00b0 F. Especialmente dise\u00f1ados para proteger tornillos, birlos o salientes que no se deseen recubrir o pintar.<\/p><p><img decoding=\"async\" class=\"size-medium wp-image-1043 aligncenter\" src=\"http:\/\/epm.com.mx\/wp-content\/uploads\/2022\/02\/capuchones-300x150.jpg\" alt=\"\" width=\"300\" height=\"150\" srcset=\"https:\/\/epm.com.mx\/wp-content\/uploads\/2022\/02\/capuchones-300x150.jpg 300w, https:\/\/epm.com.mx\/wp-content\/uploads\/2022\/02\/capuchones.jpg 351w\" sizes=\"(max-width: 300px) 100vw, 300px\" \/>\u00a0 \u00a0 \u00a0 <img decoding=\"async\" class=\"size-full wp-image-1044 aligncenter\" src=\"http:\/\/epm.com.mx\/wp-content\/uploads\/2022\/02\/diagrama1.jpg\" alt=\"\" width=\"196\" height=\"157\" \/><img fetchpriority=\"high\" decoding=\"async\" class=\"size-full wp-image-1049 aligncenter\" src=\"http:\/\/epm.com.mx\/wp-content\/uploads\/2022\/02\/silicon1.png\" alt=\"\" width=\"537\" height=\"437\" srcset=\"https:\/\/epm.com.mx\/wp-content\/uploads\/2022\/02\/silicon1.png 537w, https:\/\/epm.com.mx\/wp-content\/uploads\/2022\/02\/silicon1-300x244.png 300w\" sizes=\"(max-width: 537px) 100vw, 537px\" \/><\/p><\/div>\n\t\t\t\t\t\t\t\t\t<div class=\"elementor-tab-title elementor-tab-mobile-title\" aria-selected=\"false\" data-tab=\"2\" role=\"tab\" tabindex=\"-1\" aria-controls=\"elementor-tab-content-4582\" aria-expanded=\"false\">Tapones con tirador<\/div>\n\t\t\t\t\t<div id=\"elementor-tab-content-4582\" class=\"elementor-tab-content elementor-clearfix\" data-tab=\"2\" role=\"tabpanel\" aria-labelledby=\"elementor-tab-title-4582\" tabindex=\"0\" hidden=\"hidden\"><p>Especialmente dise\u00f1ados para soportar la tensi\u00f3n al momento de instalarse, reusables e ideales para enmascarar roscas o taladros. Con la capacidad de soportar temperaturas de hasta 550\u00b0 F.<\/p><p><img loading=\"lazy\" decoding=\"async\" class=\"size-full wp-image-1045 aligncenter\" src=\"http:\/\/epm.com.mx\/wp-content\/uploads\/2022\/02\/sili2.jpg\" alt=\"\" width=\"144\" height=\"135\" \/>\u00a0 \u00a0 \u00a0 \u00a0 <img loading=\"lazy\" decoding=\"async\" class=\"size-medium wp-image-1046 aligncenter\" src=\"http:\/\/epm.com.mx\/wp-content\/uploads\/2022\/02\/diagrama_tirador-300x94.jpg\" alt=\"\" width=\"300\" height=\"94\" srcset=\"https:\/\/epm.com.mx\/wp-content\/uploads\/2022\/02\/diagrama_tirador-300x94.jpg 300w, https:\/\/epm.com.mx\/wp-content\/uploads\/2022\/02\/diagrama_tirador.jpg 327w\" sizes=\"(max-width: 300px) 100vw, 300px\" \/><img loading=\"lazy\" decoding=\"async\" class=\"size-full wp-image-1050 aligncenter\" src=\"http:\/\/epm.com.mx\/wp-content\/uploads\/2022\/02\/silicon2.png\" alt=\"\" width=\"342\" height=\"278\" srcset=\"https:\/\/epm.com.mx\/wp-content\/uploads\/2022\/02\/silicon2.png 342w, https:\/\/epm.com.mx\/wp-content\/uploads\/2022\/02\/silicon2-300x244.png 300w\" sizes=\"(max-width: 342px) 100vw, 342px\" \/><\/p><\/div>\n\t\t\t\t\t\t\t\t\t<div class=\"elementor-tab-title elementor-tab-mobile-title\" aria-selected=\"false\" data-tab=\"3\" role=\"tab\" tabindex=\"-1\" aria-controls=\"elementor-tab-content-4583\" aria-expanded=\"false\">Tapones de silic\u00f3n<\/div>\n\t\t\t\t\t<div id=\"elementor-tab-content-4583\" class=\"elementor-tab-content elementor-clearfix\" data-tab=\"3\" role=\"tabpanel\" aria-labelledby=\"elementor-tab-title-4583\" tabindex=\"0\" hidden=\"hidden\"><p>Especialmente dise\u00f1ados para cubrir una gran variedad de tama\u00f1os reusables y transl\u00facidos, con la capacidad de soportar temperaturas extremas de hasta 575\u00b0 F.<\/p><p><img loading=\"lazy\" decoding=\"async\" class=\"size-medium wp-image-1047 aligncenter\" src=\"http:\/\/epm.com.mx\/wp-content\/uploads\/2022\/02\/tapas-300x146.jpg\" alt=\"\" width=\"300\" height=\"146\" srcset=\"https:\/\/epm.com.mx\/wp-content\/uploads\/2022\/02\/tapas-300x146.jpg 300w, https:\/\/epm.com.mx\/wp-content\/uploads\/2022\/02\/tapas.jpg 374w\" sizes=\"(max-width: 300px) 100vw, 300px\" \/>\u00a0 \u00a0 \u00a0 \u00a0 <img loading=\"lazy\" decoding=\"async\" class=\"size-full wp-image-1048 aligncenter\" src=\"http:\/\/epm.com.mx\/wp-content\/uploads\/2022\/02\/diagrama_tapones.jpg\" alt=\"\" width=\"191\" height=\"137\" \/>\u00a0 <img loading=\"lazy\" decoding=\"async\" class=\"size-full wp-image-1051 aligncenter\" src=\"http:\/\/epm.com.mx\/wp-content\/uploads\/2022\/02\/silicon3.png\" alt=\"\" width=\"461\" height=\"403\" srcset=\"https:\/\/epm.com.mx\/wp-content\/uploads\/2022\/02\/silicon3.png 461w, https:\/\/epm.com.mx\/wp-content\/uploads\/2022\/02\/silicon3-300x262.png 300w\" sizes=\"(max-width: 461px) 100vw, 461px\" \/><\/p><\/div>\n\t\t\t\t\t\t\t<\/div>\n\t\t<\/div>\n\t\t\t\t\t\t<\/div>\n\t\t\t\t<\/div>\n\t\t\t\t\t<\/div>\n\t\t<\/div>\n\t\t\t\t\t<\/div>\n\t\t<\/section>\n\t\t\t\t<section class=\"elementor-section elementor-top-section elementor-element elementor-element-3b6c329 elementor-section-boxed elementor-section-height-default elementor-section-height-default\" data-id=\"3b6c329\" data-element_type=\"section\" data-e-type=\"section\">\n\t\t\t\t\t\t<div class=\"elementor-container elementor-column-gap-default\">\n\t\t\t\t\t<div class=\"elementor-column elementor-col-100 elementor-top-column elementor-element elementor-element-d1a542b\" data-id=\"d1a542b\" data-element_type=\"column\" data-e-type=\"column\">\n\t\t\t<div class=\"elementor-widget-wrap\">\n\t\t\t\t\t\t\t<\/div>\n\t\t<\/div>\n\t\t\t\t\t<\/div>\n\t\t<\/section>\n\t\t\t\t<\/div>\n\t\t","protected":false},"excerpt":{"rendered":"<p>Piezas moldeadas en silic\u00f3n Fabricamos tapones, capuchones y una infinidad de piezas de silic\u00f3n que son ideales para proteger y enmascarar partes que son sometidas a pintura, galvanoplastia, recubrimientos con polvo, anonizado, samblasteado o procesos qu\u00edmicos con altas temperaturas. Especialmente formulado, no contienen ning\u00fan colorante que pueda emerger a altas temperaturas. Capuchones de silic\u00f3n Tapones [&hellip;]<\/p>\n","protected":false},"author":5,"featured_media":0,"parent":0,"menu_order":0,"comment_status":"closed","ping_status":"closed","template":"elementor_header_footer","meta":{"site-sidebar-layout":"no-sidebar","site-content-layout":"page-builder","ast-site-content-layout":"default","site-content-style":"default","site-sidebar-style":"default","ast-global-header-display":"","ast-banner-title-visibility":"","ast-main-header-display":"","ast-hfb-above-header-display":"","ast-hfb-below-header-display":"","ast-hfb-mobile-header-display":"","site-post-title":"disabled","ast-breadcrumbs-content":"","ast-featured-img":"disabled","footer-sml-layout":"","ast-disable-related-posts":"","theme-transparent-header-meta":"","adv-header-id-meta":"","stick-header-meta":"","header-above-stick-meta":"","header-main-stick-meta":"","header-below-stick-meta":"","astra-migrate-meta-layouts":"default","ast-page-background-enabled":"default","ast-page-background-meta":{"desktop":{"background-color":"var(--ast-global-color-4)","background-image":"","background-repeat":"repeat","background-position":"center center","background-size":"auto","background-attachment":"scroll","background-type":"","background-media":"","overlay-type":"","overlay-color":"","overlay-opacity":"","overlay-gradient":""},"tablet":{"background-color":"","background-image":"","background-repeat":"repeat","background-position":"center center","background-size":"auto","background-attachment":"scroll","background-type":"","background-media":"","overlay-type":"","overlay-color":"","overlay-opacity":"","overlay-gradient":""},"mobile":{"background-color":"","background-image":"","background-repeat":"repeat","background-position":"center center","background-size":"auto","background-attachment":"scroll","background-type":"","background-media":"","overlay-type":"","overlay-color":"","overlay-opacity":"","overlay-gradient":""}},"ast-content-background-meta":{"desktop":{"background-color":"var(--ast-global-color-5)","background-image":"","background-repeat":"repeat","background-position":"center center","background-size":"auto","background-attachment":"scroll","background-type":"","background-media":"","overlay-type":"","overlay-color":"","overlay-opacity":"","overlay-gradient":""},"tablet":{"background-color":"var(--ast-global-color-5)","background-image":"","background-repeat":"repeat","background-position":"center center","background-size":"auto","background-attachment":"scroll","background-type":"","background-media":"","overlay-type":"","overlay-color":"","overlay-opacity":"","overlay-gradient":""},"mobile":{"background-color":"var(--ast-global-color-5)","background-image":"","background-repeat":"repeat","background-position":"center center","background-size":"auto","background-attachment":"scroll","background-type":"","background-media":"","overlay-type":"","overlay-color":"","overlay-opacity":"","overlay-gradient":""}},"footnotes":""},"class_list":["post-1038","page","type-page","status-publish","hentry"],"_links":{"self":[{"href":"https:\/\/epm.com.mx\/index.php?rest_route=\/wp\/v2\/pages\/1038","targetHints":{"allow":["GET"]}}],"collection":[{"href":"https:\/\/epm.com.mx\/index.php?rest_route=\/wp\/v2\/pages"}],"about":[{"href":"https:\/\/epm.com.mx\/index.php?rest_route=\/wp\/v2\/types\/page"}],"author":[{"embeddable":true,"href":"https:\/\/epm.com.mx\/index.php?rest_route=\/wp\/v2\/users\/5"}],"replies":[{"embeddable":true,"href":"https:\/\/epm.com.mx\/index.php?rest_route=%2Fwp%2Fv2%2Fcomments&post=1038"}],"version-history":[{"count":4,"href":"https:\/\/epm.com.mx\/index.php?rest_route=\/wp\/v2\/pages\/1038\/revisions"}],"predecessor-version":[{"id":1054,"href":"https:\/\/epm.com.mx\/index.php?rest_route=\/wp\/v2\/pages\/1038\/revisions\/1054"}],"wp:attachment":[{"href":"https:\/\/epm.com.mx\/index.php?rest_route=%2Fwp%2Fv2%2Fmedia&parent=1038"}],"curies":[{"name":"wp","href":"https:\/\/api.w.org\/{rel}","templated":true}]}}